2069 prime?
True
Is 3086261 a prime number?
True
Is 7633279 a prime number?
False
Is 78879143 a composite number?
True
Is 6596137 composite?
True
Is 4433203 composite?
False
Is 40855741 a prime number?
True
Is 167063297 a composite number?
False
Is 87985949 a composite number?
False
Is 49995893 prime?
True
Is 7192613 prime?
False
Is 766497503 composite?
True
Is 105389321 prime?
True
Is 29093899 prime?
True
Is 79419169 composite?
True
Is 21332995 prime?
False
Is 230043707 prime?
True
Is 22277793 composite?
True
Is 103061005 prime?
False
Is 1103807 a composite number?
True
Is 16015589 composite?
True
Is 1352419 a composite number?
False
Is 5308561 composite?
True
Is 9845614 prime?
False
Is 78850511 composite?
False
Is 714180839 a prime number?
False
Is 8076389 prime?
False
Is 36788051 a prime number?
False
Is 34551449 composite?
False
Is 2335909 composite?
False
Is 9095639 a composite number?
True
Is 1460411 composite?
True
Is 94471243 a prime number?
True
Is 6669827 a composite number?
False
Is 2722255 composite?
True
Is 44596141 composite?
False
Is 95383399 a composite number?
False
Is 19980743 prime?
True
Is 1170007 composite?
False
Is 50655281 a prime number?
True
Is 1617757 a composite number?
False
Is 58009543 a composite number?
True
Is 250995621 composite?
True
Is 5202577 a prime number?
False
Is 6949457 composite?
False
Is 4101231 prime?
False
Is 55564967 a composite number?
False
Is 69637 prime?
False
Is 39580967 a composite number?
False
Is 6023383 composite?
False
Is 23245657 composite?
True
Is 64996961 composite?
False
Is 2622203 a composite number?
False
Is 50230727 composite?
False
Is 96826633 prime?
True
Is 13655911 a prime number?
False
Is 1349731 a composite number?
True
Is 4483709 a composite number?
False
Is 24844637 a composite number?
False
Is 81851201 a prime number?
True
Is 38918851 composite?
True
Is 95474551 a composite number?
True
Is 404734541 a prime number?
True
Is 3527807 composite?
True
Is 1632559 prime?
False
Is 6162209 a prime number?
True
Is 793109 a composite number?
True
Is 51224023 prime?
False
Is 48214489 a composite number?
False
Is 5161207 a prime number?
False
Is 687593 composite?
False
Is 21587611 prime?
True
Is 665501 prime?
True
Is 31465391 composite?
False
Is 4460941 prime?
True
Is 11883863 prime?
True
Is 1590647 a prime number?
False
Is 27600451 a prime number?
True
Is 5820659 a composite number?
True
Is 8154253 composite?
False
Is 829290743 a composite number?
True
Is 26242921 composite?
False
Is 19455407 a composite number?
True
Is 635749 composite?
True
Is 55665409 composite?
True
Is 8963291 a composite number?
True
Is 4297889 a prime number?
False
Is 13036747 a composite number?
True
Is 64868173 prime?
True
Is 21390647 a composite number?
False
Is 165496337 prime?
True
Is 20760929 composite?
True
Is 34994915 a composite number?
True
Is 187617603 composite?
True
Is 12011603 a composite number?
False
Is 75792553 prime?
True
Is 209847269 a prime number?
False
Is 2713439 composite?
True
Is 12928639 a composite number?
True
Is 12041791 prime?
True
Is 262402334 a prime number?
False
Is 300719 prime?
True
Is 7785341 a composite number?
False
Is 32593321 a prime number?
True
Is 25977379 a prime number?
True
Is 98596253 a prime number?
False
Is 964283 a composite number?
False
Is 2342281 composite?
True
Is 58367797 prime?
False
Is 1096307 composite?
False
Is 11137583 a composite number?
False
Is 191168833 composite?
False
Is 13493749 a composite number?
True
Is 748066543 a composite number?
True
Is 230342626 a prime number?
False
Is 5087143 a composite number?
False
Is 77849815 prime?
False
Is 230137 prime?
True
Is 8179151 prime?
True
Is 4575107 prime?
True
Is 1323107 prime?
True
Is 20228161 composite?
False
Is 19343537 a composite number?
False
Is 84222745 a prime number?
False
Is 11507857 a composite number?
False
Is 40771 prime?
True
Is 9558953 composite?
False
Is 202705439 prime?
False
Is 1378903 composite?
False
Is 219749081 a composite number?
False
Is 9643483 prime?
True
Is 16777829 prime?
True
Is 489171203 prime?
True
Is 229820449 a prime number?
True
Is 4507783 a composite number?
True
Is 1927853 a composite number?
False
Is 117703247 prime?
False
Is 3401743 prime?
False
Is 4762411 prime?
False
Is 1673353 a composite number?
True
Is 5397511 a composite number?
True
Is 27431861 prime?
True
Is 21055 a composite number?
True
Is 35020753 a prime number?
False
Is 197096153 a composite number?
False
Is 45287867 composite?
True
Is 25053439 a prime number?
True
Is 4197407 a composite number?
False
Is 46901641 composite?
False
Is 28746463 a prime number?
True
Is 36151289 prime?
False
Is 3903071 a composite number?
False
Is 118174517 composite?
True
Is 1018807 composite?
False
Is 11763979 a prime number?
True
Is 462497509 prime?
True
Is 29363773 a composite number?
False
Is 219429439 a composite number?
True
Is 230546207 a prime number?
True
Is 35024911 prime?
True
Is 121584467 a composite number?
True
Is 350257603 prime?
False
Is 20985001 composite?
False
Is 2179921 composite?
False
Is 37266689 prime?
False
Is 4136833 a composite number?
False
Is 28537631 a composite number?
False
Is 106722203 a composite number?
True
Is 12668021 a composite number?
False
Is 14061343 a prime number?
False
Is 238409149 a prime number?
False
Is 47985863 a composite number?
True
Is 6179671 a prime number?
False
Is 225468055 composite?
True
Is 104277559 composite?
False
Is 27466709 prime?
False
Is 117733795 a prime number?
False
Is 10361051 composite?
False
Is 2023811 composite?
False
Is 518831 a prime number?
True
Is 834433 composite?
False
Is 13310351 prime?
True
Is 3239461 composite?
True
Is 37432819 a prime number?
True
Is 9111971 composite?
True
Is 758129407 a prime number?
False
Is 25593961 a prime number?
True
Is 13813237 a composite number?
False
Is 192841249 prime?
True
Is 7435277 a composite number?
False
Is 49009643 a prime number?
False
Is 3824323 prime?
True
Is 267977 a composite number?
True
Is 171062069 a composite number?
False
Is 37093781 a composite number?
False
Is 845531 a composite number?
False
Is 609359 prime?
True
Is 57385351 a prime number?
True
Is 53897797 a composite number?
False
Is 140099171 a prime number?
False
Is 447509 a prime number?
True
Is 7523819 prime?
True
Is 411721 a composite number?
False
Is 4513097 composite?
False
Is 6558619 prime?
True
Is 746411 prime?
True
Is 3783749 composite?
True
Is 186721 composite?
True
Is 72543707 prime?
False
Is 57462071 composite?
False
Is 1641994 composite?
True
Is 9540049 prime?
False
Is 600869033 prime?
True
Is 7078481 composite?
False
Is 1776718 a prime number?
False
Is 1092413 composite?
True
Is 9727771 a composite number?
False
Is 41096921 composite?
False
Is 78485683 composite?
True
Is 2045516047 prime?
True
Is 6605363 prime?
True
Is 5035441 a prime number?
False
Is 10003859 a prime number?
True
Is 19362451 a prime number?
True
Is 13676753 prime?
True
Is 1092049 a prime number?
False
Is 13604243 composite?
False
Is 3424457 prime?
True
Is 5165231 prime?
False
Is 1265273 composite?
False
Is 16963969 a composite number?
True
Is 52179179 a prime number?
False
Is 11821427 prime?
True
Is 537877 composite?
False
Is 2771569 prime?
False
Is 6129157 composite?
False
Is 1235909 a composite number?
False
Is 163957319 a composite number?
True
Is 4468021 prime?
False
Is 3156779 composite?
False
Is 130631573 composite?
True
Is 207697201 composite?
False
Is 44475133 prime?
False
Is 18859417 a prime number?
True
Is 5480429 a composite number?
True
Is 45242681 prime?
False
Is 255973961 composite?
True
Is 2334539 a composite number?
False
Is 925753 a composite number?
True
Is 59477321 prime?
True
Is 1189403 composite?
False
Is 9036091 prime?
True
Is 11038037 a composite number?
False
Is 17375969 prime?
False
Is 7087947 a composite number?
True
Is 13106257 prime?
False
Is 1222193 a prime number?
False
Is 527275921 a prime number?
False
Is 16661083 prime?
True
Is 9754529 composite?
True
Is 222329215 a composite number?
True
Is 100984531 composite?
True
Is 220808347 composite?
False
Is 181092523 a prime number?
True
Is 100040758 composite?
True
Is 55274533 a prime number?
False
Is 894373 a composite number?
True
Is 7850617 a composite number?
True
Is 11749841 a com